). Suppose f = -2*n + r*f + 34, 0 = -f - 2. What is the units digit of n?
5
Let b = -1074 - -2119. What is the tens digit of b?
4
What is the tens digit of (-1431)/212 + (-2)/8 - -22?
1
Suppose -3*f + 0*y + 3*y = -744, y = 5. Let a = f - 130. What is the hundreds digit of a?
1
Let c be 1*5 - (7 + -5). Suppose r = -c*r + 20. Suppose -3*y + 54 = r*w + 9, -2*w + y = -18. What is the units digit of w?
9
Let c be -2 + (-2 - -1) + 2. Let o = 1 - c. Suppose 0 = -3*f + f - o, 0 = r - 3*f - 9. What is the units digit of r?
6
Let y = 36 - 18. Let j = -11 + y. Suppose j*b - 2*b - 10 = 0. What is the units digit of b?
2
What is the units digit of 23/(552/13280) - 1/3?
3
Let n = 37 + 18. Suppose 3*j - 5*u - 195 = -0*j, j - n = 5*u. What is the units digit of j?
0
Let k be (-14)/(-91) - 2412/(-39). What is the tens digit of (33/6 + -4)/(1/k)?
9
Suppose 4*g + g = 5*u - 1750, 25 = 5*u. Let x = -215 - g. What is the hundreds digit of x?
1
Suppose b - 307 = -5*r - b, -185 = -3*r - b. What is the units digit of (-27)/r - (-244)/14?
7
What is the units digit of (-14)/(-21)*4257/6?
3
Let a(p) be the second derivative of 5*p + 1/20*p**5 + 0 + 11/2*p**2 - 5/3*p**3 + 2/3*p**4. What is the units digit of a(-9)?
0
Let w(h) = -7*h**2 + 3*h + 11. Let s(f) = 11*f**2 - 4*f - 17. Let i(p) = -5*s(p) - 8*w(p). Let d be i(4). What is the units digit of ((-1)/2)/(d/60)?
0
Let t(y) be the second derivative of 7*y**4/6 - 3*y. Let k be t(-1). Let f = k + 28. What is the units digit of f?
2
Let s = 116 + -71. Suppose 2*c - 67 = -5*p + s, 3*p = -4*c + 56. What is the tens digit of p?
2
Suppose 20*j - 2044 = 6*j. What is the hundreds digit of j?
1
Let a = 3926 + -2804. What is the tens digit of a?
2
Suppose -8*q - 326 = -9*q. What is the tens digit of q?
2
What is the units digit of (-144)/252*(11/(-2) - -2)?
2
Let d(b) = -b + 24. Let m be d(10). Suppose 54 - m = 4*w. What is the units digit of w?
0
Let k(l) = l**3 + l**2 - l + 1. Let q(w) = 7*w**3 - 3*w**2 - 19*w + 14. Let f(z) = -6*k(z) + q(z). Let g be f(10). Let u = 0 - g. What is the tens digit of u?
2
What is the thousands digit of ((-45)/(-30))/(4/(-40))*-369?
5
Let h(i) = -2*i**3 - i**2. Let s be h(-2). What is the units digit of (-495)/s*((-28)/6 - -2)?
0
Let p(f) = -9 - 81*f**3 + f - 7*f**2 + 82*f**3 - 3*f. What is the tens digit of p(9)?
3
Suppose 0 = -4*z - 21 + 9. Let k be 17/(z/(-3))*3. Suppose 4 = -n + 2, -g + 5*n = -k. What is the tens digit of g?
4
Let y(v) = -734*v**3 - 3*v + 2. Let r be y(1). Let b = -1443 - r. What is the units digit of b/(-16) - 1/4?
4
Suppose 0 = -139*i + 148*i - 12852. What is the hundreds digit of i?
4
Suppose -i - 2*h = 2*h - 199, 4*h = -5*i + 979. What is the hundreds digit of i?
1
Suppose 3*j - 1395 = -4*d, 2*j + 3*d + 23 - 952 = 0. What is the units digit of j?
9
Let t(k) = -k + 46. Suppose z = -0*z. What is the tens digit of t(z)?
4
Let k(q) = 28*q**3 + 28 + 5*q**2 + 12*q**2 - 4*q - 27*q**3. What is the tens digit of k(-17)?
9
Suppose 0 = 28*x - 100902 + 28606. What is the hundreds digit of x?
5
Suppose 11*w - 1105 - 2646 = 0. Let z = w - 200. What is the hundreds digit of z?
1
Suppose 343 = 11*z - 1263. Suppose -m + i + z = 3*m, 0 = -2*i + 4. What is the units digit of m?
7
Let g(j) = j**2 - 6*j + 4. Let k be g(7). Let x = 30 + -17. Let v = x - k. What is the units digit of v?
2
Let t(a) = 2*a**3 - 2*a**2 - 19*a + 11. What is the hundreds digit of t(8)?
7
Let w = 48 - -45. Suppose 0*f - 3*f + w = 3*a, 2*f + 3*a = 60. What is the tens digit of f?
3
Let g = -31 + 59. Let b = g + 24. What is the tens digit of b?
5
Let o = 33 - 28. Suppose h + r + 131 = -4*r, -o*r = -2*h - 247. Let y = -72 - h. What is the tens digit of y?
5
Suppose -6410 = -2*q + 5*m, 3*m - 7*m - 3208 = -q. What is the units digit of q?
0
Let p be 3/(15/(-215)) + 5. Let u = p + 60. What is the units digit of u?
2
Let u(l) be the second derivative of -l**5/10 + 5*l**4/12 - 2*l**3/3 + l**2 - l. Let m be u(4). Let t = 89 + m. What is the units digit of t?
7
Let q be ((-38)/(-95))/(1/170). Suppose 0 = 5*p - 238 + q. Suppose 2*v - 44 = 2*n, 0*n = v - 4*n - p. What is the tens digit of v?
1
What is the hundreds digit of (0 - -173) + 54/(-18)?
1
Let a be (-1 + 56/12)/(2/(-12)). What is the tens digit of (63/(-14))/(1/a)?
9
Let d(s) = s**2 - 2*s + 2*s**2 - 8*s + 3*s - 7. What is the units digit of d(6)?
9
Suppose -21*a = -5*a - 8656. What is the hundreds digit of a?
5
Suppose 0 = -4*k - 4*d + 36, 2*k - 25 - 11 = 4*d. Suppose k = -3*c - 0. What is the units digit of c/((1/(-2))/1)?
8
Let p(h) = 2*h**2 + 3*h - 3. Let o = 6 - 17. Let r = o - -7. What is the tens digit of p(r)?
1
Suppose 5*q + 5 = 145. Suppose -2*v = -0*v + q. Let p = 41 + v. What is the units digit of p?
7
Let h(i) = -i**2 + 24*i - 1. Let o be 1/(6/54) - 3/(-1). What is the tens digit of h(o)?
4
Suppose -4 = -2*r, 10 = 5*c - 0*c + 5*r. Suppose c = -4*s + 6*s, 5*b - 4*s - 330 = 0. What is the units digit of b?
6
Suppose 3*b + 21 = -2*u - 186, -2*u + 4*b = 172. Let i = -59 - u. What is the tens digit of i?
3
Suppose 5*k = 5*p - 11670, 0 = p - 2*k - 2327 - 11. What is the units digit of p?
0
Let s = 1663 - 1113. Suppose 4*a - 110 = -c, 6*a - a = -5*c + s. Suppose c - 42 = 4*h. What is the tens digit of h?
1
Let p(l) = l + 8. Let c be p(-8). Suppose c = -4*d + 228 + 16. What is the units digit of d?
1
Suppose 128*j = -2*v + 125*j + 9467, -2*j = 10. What is the thousands digit of v?
4
Suppose 10074 = 4*n - 5*k + 3*k, 5*n + 2*k - 12579 = 0. What is the units digit of n?
7
Let d = -32 - -34. Suppose -5*a = -4*f + 664, 0 = 2*a + 4*f - d*f + 280. Let x = a + 196. What is the tens digit of x?
6
Suppose 110*q + 4000 = 105*q. Let a = -479 - q. What is the hundreds digit of a?
3
Let g(t) = -t**2 + t + 2. Let a be g(-2). Let o be a/8*(0 - -2). What is the units digit of (-17)/o - (2 - 0)?
5
Let q = -3 + 7. Suppose q*t - 4 = 2*t. What is the units digit of -3*((-22)/3)/t?
1
Let o = -4030 + 6024. What is the thousands digit of o?
1
Let b = 114 + 113. Let l = b + -142. What is the units digit of l?
5
Let n = 23 + -18. Suppose 5*o = 2*o. Suppose o = n*z - 3*z - 44. What is the units digit of z?
2
What is the units digit of (-2436)/6*(-3)/2?
9
Let r = -649 - -1440. What is the hundreds digit of r?
7
Let o(j) = -5*j**2 + 4*j + 2. Let a be o(-3). Let x = 87 + a. Suppose -4*w + 136 = x. What is the units digit of w?
6
Suppose g - 5*l - 4699 = 0, 4*g - 5*l + 4168 = 23024. What is the tens digit of g?
1
Suppose 31 = 6*t + 1. Let x be (4/6)/((-2)/3). What is the units digit of (3 - t)*x/2?
1
Let s = 5588 - 3511. What is the thousands digit of s?
2
Let i = 90 + -45. Suppose -197 = -5*b + 4*d, -b + 2*b + 2*d - i = 0. What is the units digit of b?
1
Let k(c) = -6*c - 6. Let w(a) = -a**2 + 5*a - 2. Let p be w(3). Suppose -4 - p = 2*v. What is the tens digit of k(v)?
1
Let r(m) = m**2 + m - 2. Let y be r(0). Let x be (1 + y)/1 + 8. Suppose -x*w + 5*n = -2*w - 180, -140 = -5*w - 5*n. What is the tens digit of w?
3
Let z be (-51)/(-9) + 4/(-6). Suppose -3*k + 18 = 3*t, -2*k - 26 = -5*k - z*t. Suppose 0*n = 2*n - 10, 0 = 4*g + k*n - 18. What is the units digit of g?
2
Let i(b) = 2*b**2 + 7*b + 6. Let k(s) = -s**2 - 8*s - 6. Let n be (-21)/6 - (-5)/10. Let r(x) = n*k(x) - 2*i(x). What is the units digit of r(9)?
5
Suppose -355 = -7*z + 492. What is the units digit of 2 + 1 - (3 + z/(-1))?
1
Let c be 160/3 - 1 - (-24)/36. Let a = 10 + -21. Let j = c + a. What is the tens digit of j?
4
Let c(x) = -29 + 6 - 3 + 1 - 11*x. What is the tens digit of c(-7)?
5
Let u(w) = -3*w + 20. Let h be u(3). Suppose -415 = -h*d + 6*d. What is the units digit of d?
3
Let u = 10185 + -7163. What is the units digit of u?
2
Let i(s) = 17*s**2 - s - 3. Let t be i(-4). Suppose 869 = 4*n + t. What is the tens digit of n?
4
Let t(q) = -q**3 + q**2 - 8*q + 382. What is the units digit of t(0)?
2
Let y = -274 - -989. What is the units digit of y?
5
Suppose -17 - 17 = -t. Let r be t/9 + 36/162. Suppose m - 216 = -r*z, -m = z + 4*m - 35. What is the units digit of z?
5
Suppose -n = 6*n + 7. What is the units digit of (n - 111)/(-2) + -4?
2
What is the tens digit of (638/(-87))/((-2)/156) - 3?
6
Let g be 10/4 + (-2)/(-16)*4. Suppose g*l - 205 = -46. What is the units digit of l?
3
Let k be (-4 - 10/(-3))*-129. Suppose -4*d = -k 